{"id":127,"date":"2025-03-29T12:44:23","date_gmt":"2025-03-29T12:44:23","guid":{"rendered":"https:\/\/edfoley.truxonline.com\/index.php\/product\/pack-motion-mains-libres-comprenant-1-cble-pour-lectrode-res-rsistive-1-cble-pour-plaque-de-retour-50-lectrodes-plaques-de-retour-adhsives-usage-unique\/"},"modified":"2026-02-02T10:26:34","modified_gmt":"2026-02-02T09:26:34","slug":"pack-motion-mains-libres-comprenant-1-cble-pour-lectrode-res-rsistive-1-cble-pour-plaque-de-retour-50-lectrodes-plaques-de-retour-adhsives-usage-unique","status":"publish","type":"product","link":"https:\/\/consommables448khz.truxonline.com\/index.php\/product\/pack-motion-mains-libres-comprenant-1-cble-pour-lectrode-res-rsistive-1-cble-pour-plaque-de-retour-50-lectrodes-plaques-de-retour-adhsives-usage-unique\/","title":{"rendered":"Pack MOTION Mains libres, comprenant :          1 c\u00e2ble pour \u00e9lectrode RES (R\u00e9sistive)           1 c\u00e2ble pour plaque de retour           50 \u00e9lectrodes \/plaques de retour adh\u00e9sives \u00e0 usage unique *          (25 pouvant \u00eatre utilis\u00e9es comme \u00e9lectrodes RES \/ 25 utilis\u00e9es comme plaque de retour)          Mode d&#8217;emploi"},"content":{"rendered":"<p>* Cet accessoire appel\u00e9 \u00ab\u00a0\u00e9lectrodes RES adh\u00e9sives \u00e0 usage unique \/ Plaques de retour adh\u00e9sives \u00e0 usage unique\u00a0\u00bb peut \u00eatre utilis\u00e9 comme \u00e9lectrode RES ou comme Plaque de retour.<br \/>\nCela d\u00e9pend du c\u00e2ble que vous connectez dessus.<\/p>\n","protected":false},"excerpt":{"rendered":"<p>* Cet accessoire appel\u00e9 \u00ab\u00a0\u00e9lectrodes RES adh\u00e9sives \u00e0 usage unique \/ Plaques de retour adh\u00e9sives \u00e0 usage unique\u00a0\u00bb peut \u00eatre [&hellip;]<\/p>\n","protected":false},"featured_media":344,"template":"","meta":{"site-sidebar-layout":"default","site-content-layout":"","ast-site-content-layout":"default","site-content-style":"default","site-sidebar-style":"default","ast-global-header-display":"","ast-banner-title-visibility":"","ast-main-header-display":"","ast-hfb-above-header-display":"","ast-hfb-below-header-display":"","ast-hfb-mobile-header-display":"","site-post-title":"","ast-breadcrumbs-content":"","ast-featured-img":"","footer-sml-layout":"","theme-transparent-header-meta":"default","adv-header-id-meta":"","stick-header-meta":"","header-above-stick-meta":"","header-main-stick-meta":"","header-below-stick-meta":"","astra-migrate-meta-layouts":"set","ast-page-background-enabled":"default","ast-page-background-meta":{"desktop":{"background-color":"var(--ast-global-color-5)","background-image":"","background-repeat":"repeat","background-position":"center center","background-size":"auto","background-attachment":"scroll","background-type":"","background-media":"","overlay-type":"","overlay-color":"","overlay-opacity":"","overlay-gradient":""},"tablet":{"background-color":"","background-image":"","background-repeat":"repeat","background-position":"center center","background-size":"auto","background-attachment":"scroll","background-type":"","background-media":"","overlay-type":"","overlay-color":"","overlay-opacity":"","overlay-gradient":""},"mobile":{"background-color":"","background-image":"","background-repeat":"repeat","background-position":"center center","background-size":"auto","background-attachment":"scroll","background-type":"","background-media":"","overlay-type":"","overlay-color":"","overlay-opacity":"","overlay-gradient":""}},"ast-content-background-meta":{"desktop":{"background-color":"var(--ast-global-color-4)","background-image":"","background-repeat":"repeat","background-position":"center center","background-size":"auto","background-attachment":"scroll","background-type":"","background-media":"","overlay-type":"","overlay-color":"","overlay-opacity":"","overlay-gradient":""},"tablet":{"background-color":"var(--ast-global-color-4)","background-image":"","background-repeat":"repeat","background-position":"center center","background-size":"auto","background-attachment":"scroll","background-type":"","background-media":"","overlay-type":"","overlay-color":"","overlay-opacity":"","overlay-gradient":""},"mobile":{"background-color":"var(--ast-global-color-4)","background-image":"","background-repeat":"repeat","background-position":"center center","background-size":"auto","background-attachment":"scroll","background-type":"","background-media":"","overlay-type":"","overlay-color":"","overlay-opacity":"","overlay-gradient":""}}},"machine":[69],"product_brand":[],"product_cat":[22],"product_tag":[58],"class_list":{"0":"post-127","1":"product","2":"type-product","3":"status-publish","4":"has-post-thumbnail","6":"machine-activ","7":"product_cat-mains-libres","8":"product_tag-pack-mains-libres","9":"desktop-align-left","10":"tablet-align-left","11":"mobile-align-left","13":"first","14":"instock","15":"taxable","16":"shipping-taxable","17":"purchasable","18":"product-type-simple"},"_links":{"self":[{"href":"https:\/\/consommables448khz.truxonline.com\/index.php\/wp-json\/wp\/v2\/product\/127","targetHints":{"allow":["GET"]}}],"collection":[{"href":"https:\/\/consommables448khz.truxonline.com\/index.php\/wp-json\/wp\/v2\/product"}],"about":[{"href":"https:\/\/consommables448khz.truxonline.com\/index.php\/wp-json\/wp\/v2\/types\/product"}],"wp:featuredmedia":[{"embeddable":true,"href":"https:\/\/consommables448khz.truxonline.com\/index.php\/wp-json\/wp\/v2\/media\/344"}],"wp:attachment":[{"href":"https:\/\/consommables448khz.truxonline.com\/index.php\/wp-json\/wp\/v2\/media?parent=127"}],"wp:term":[{"taxonomy":"machine","embeddable":true,"href":"https:\/\/consommables448khz.truxonline.com\/index.php\/wp-json\/wp\/v2\/machine?post=127"},{"taxonomy":"product_brand","embeddable":true,"href":"https:\/\/consommables448khz.truxonline.com\/index.php\/wp-json\/wp\/v2\/product_brand?post=127"},{"taxonomy":"product_cat","embeddable":true,"href":"https:\/\/consommables448khz.truxonline.com\/index.php\/wp-json\/wp\/v2\/product_cat?post=127"},{"taxonomy":"product_tag","embeddable":true,"href":"https:\/\/consommables448khz.truxonline.com\/index.php\/wp-json\/wp\/v2\/product_tag?post=127"}],"curies":[{"name":"wp","href":"https:\/\/api.w.org\/{rel}","templated":true}]}}